(base 2) to base 3.
1010022012101022
What is -67971 (base 10) in base 11?
-47082
-211002020112 (base 3) to base 4
-1222013210
What is -1804606 (base 10) in base 9?
-3350407
-100111011011010010 (base 2) to base 11
-10036a
What is 3023116 (base 8) in base 9?
1443208
What is 10203312010 (base 4) in base 8?
4436604
-482691 (base 10) to base 12
-1b3403
Convert 1c509 (base 13) to base 10.
55779
Convert 101144323 (base 5) to base 11.
261987
Convert -68582 (base 14) to base 4.
-331321212
335214 (base 7) to base 5
3400243
Convert -831a4 (base 12) to base 2.
-101001110101001100
Convert 4486c (base 14) to base 9.
273112
-10001111111110011 (base 2) to base 11
-50424
Convert -1332002030 (base 4) to base 12.
-20a8b8
What is 1458c (base 15) in base 10?
65382
Convert -110132223 (base 5) to base 4.
-1303233033
What is 8b50a8 (base 12) in base 16?
21fd40
1301312032 (base 4) to base 11
299396
Convert -14501030 (base 6) to base 5.
-112140144
Convert -45674 (base 12) to base 7.
-533533
What is 221322252 (base 6) in base 9?
7454255
-69984 (base 10) to base 13
-25b15
-40787 (base 12) to base 11
-58174
-12143031 (base 5) to base 7
-660263
-4473236 (base 9) to base 10
-2410269
Convert 110201020101200 (base 3) to base 8.
31613133
Convert 6583080 (base 9) to base 4.
31133323032
What is -3006733 (base 9) in base 2?
-110000110011100111110
Convert 755d4 (base 16) to base 12.
1b2244
Convert 405477 (base 9) to base 8.
725153
What is -104453 (base 9) in base 15?
-1370c
-338625 (base 9) to base 5
-23000141
What is 110010111000010000 (base 2) in base 14?
55d3a
What is -4327566 (base 8) in base 3?
-2011212220001
-377275 (base 8) to base 11
-8a263
What is -312041240 (base 5) in base 7?
-13625165
What is -561304 (base 7) in base 12?
-49307
What is -1244411 (base 5) in base 2?
-110000110010101
What is 5308656 (base 9) in base 3?
12100022201220
What is 40115167 (base 8) in base 12?
29a549b
What is -60ce3 (base 16) in base 10?
-396515
Convert 48535 (base 9) to base 3.
1122121012
What is 230331133120 (base 4) in base 3?
211011210121221
What is 40324013 (base 5) in base 7?
2515352
-3248b3 (base 12) to base 6
-25021543
What is -982b2 (base 16) in base 9?
-1148875
Convert -134032013 (base 6) to base 13.
-73b897
10002b (base 12) to base 8
746043
What is -25320264 (base 9) in base 16?
-bd6ac0
Convert 113bc7 (base 13) to base 3.
202202022102
Convert 671411 (base 9) to base 14.
a6352
211940 (base 11) to base 16
52d07
Convert -1320614 (base 7) to base 14.
-4717b
-100321002 (base 4) to base 2
-10000111001000010
1098914 (base 13) to base 11
2975a36
Convert 1140255 (base 7) to base 2.
100011001101000110
Convert -6e94 (base 16) to base 10.
-28308
Convert 3062400 (base 7) to base 3.
200201010100
Convert -466360 (base 7) to base 3.
-11021001201
What is 11001020012 (base 3) in base 2?
10011011100001100
-131002020 (base 4) to base 16
-1d088
Convert -5455642 (base 10) to base 8.
-24637432
Convert -7497da (base 15) to base 10.
-5550280
14249 (base 11) to base 4
10330210
Convert -100122200012202 (base 3) to base 12.
-18752b5
-110a5 (base 13) to base 14
-b389
Convert bc3c7 (base 14) to base 11.
291889
Convert 9a8c7 (base 14) to base 2.
1011011100010001111
-1330322203 (base 5) to base 7
-40434646
Convert 4352d (base 15) to base 12.
a3881
What is 11a876 (base 16) in base 12?
479846
11111001100011111011110 (base 2) to base 15
ab8005
What is 1202220000221 (base 3) in base 6?
32111554
Convert 304880 (base 9) to base 10.
180783
100110101111000010 (base 2) to base 5
20034113
What is 21002000222100 (base 3) in base 6?
212332100
What is 15895 (base 15) in base 2?
10000111101000000
Convert -211112012200 (base 3) to base 4.
-1230033321
-21445 (base 14) to base 6
-1420153
Convert 37650 (base 8) to base 5.
1010141
2503790 (base 12) to base 10
7222428
What is -4004014 (base 5) in base 16?
-f621
-1419412 (base 10) to base 5
-330410122
What is -471357 (base 8) in base 16?
-272ef
-2002100221022 (base 3) to base 15
-16db12
What is -34db2 (base 16) in base 6?
-4350150
Convert -142123 (base 10) to base 9.
-235854
What is 47612 (base 9) in base 12?
16518
-40233430 (base 7) to base 13
-8ca706
-1c497f (base 16) to base 11
-1056894
-911b49 (base 12) to base 11
-1306742
1220221102011 (base 3) to base 8
3714627
Convert -3200300232 (base 4) to base 8.
-3406056
Convert 632161 (base 9) to base 7.
3122650
Convert 4382841 (base 9) to base 8.
10774446
What is -234201331 (base 5) in base 8?
-4106257
Convert 21211203033 (base 4) to base 12.
a12413
What is -2021202100111 (base 3) in base 15?
-190234
Convert 210004 (base 6) to base 7.
100063
What is -324660 (base 9) in base 7?
-1434540
What is -121201201112 (base 3) in base 14?
-8801c
65316 (base 11) to base 9
154133
Convert 11120230 (base 5) to base 13.
35901
445bc4 (base 15) to base 5
1313301114
What is -b1823 (base 16) in base 10?
-727075
Convert 85a542 (base 14) to base 6.
240540302
2663237 (base 8) to base 12
30047b
What is 552024 (base 9) in base 13?
b6cb6
Convert -82717 (base 9) to base 3.
-2202210121
What is 1022101100211 (base 3) in base 11?
436296
Convert -65414552 (base 7) to base 11.
-3185a54
Convert -2da69 (base 16) to base 2.
-101101101001101001
3623312 (base 7) to base 8
1602000
What is 1764908 (base 10) in base 15?
24ce08
Convert 4336b (base 15) to base 14.
57aad
Convert -110000111110011010 (base 2) to base 11.
-127796
-20321303 (base 4) to base 13
-137a2
What is -2aa68a3 (base 11) in base 16?
-5102b5
101100000000110111100 (base 2) to base 9
2637334
What is -121202201102 (base 3) in base 13?
-b72b1
Convert 16180138 (base 9) to base 15.
a9a098
Convert -1148853 (base 9) to base 14.
-1231ca
23132101 (base 5) to base 15
41b36
Convert 10050233 (base 6) to base 4.
1011330231
69978 (base 14) to base 10
257062
Convert 211221200012 (base 3) to base 15.
8dcb2
What is -13133323111 (base 4) in base 13?
-53a9ac
What is 12544133 (base 6) in base 9?
706633
110011001110101101110100 (base 2) to base 11
7642966
Convert -110111110100100111 (base 2) to base 16.
-37d27
-36c112 (base 16) to base 2
-1101101100000100010010
1940a0 (base 11) to base 9
504113
414143445 (base 6) to base 12
24b1b85
Convert -203cda (base 14) to base 16.
-1093d8
1123102310 (base 4) to base 9
628848
111112221210020 (base 3) to base 7
115140162
What is 146107 (base 16) in base 11?
832475
Convert -11100110100001111011010 (base 2) to base 10.
-7554010
What is -197a3 (base 13) in base 7?
-264516
What is -57b9fb (base 16) in base 4?
-111323213323
Convert 128643 (base 9) to base 7.
444642
What is -136024 (base 7) in base 8?
-62746
Convert 11466204 (base 7) to base 4.
3322033122
-315860 (base 10) to base 16
-4d1d4
-2b11b (base 13) to base 16
-13e4a
Convert 244d4 (base 14) to base 8.
255312
What is 34030516 (base 7) in base 11?
1734434
-10110111011010001001 (base 2) to base 9
-1364452
What is -1021142120 (base 5) in base 10?
-2130910
What is -20933 (base 15) in base 6?
-2114203
What is -25888600 (base 9) in base 11?
-7221586
Convert -707850 (base 9) to base 11.
-2669a6
-16265150 (base 7) to base 16
-1818f8
What is -1123411224 (base 5) in base 12?
-a35711
Convert ab437c (base 13) to base 8.
17313623
What is -148244 (base 14) in base 2?
-10101110010010100100
1d1947 (base 14) to base 10
1041803
413211 (base 9) to base 13
87751
What is -276425 (base 8) in base 12?
-48559
What is -42103 (base 13) in base 7?
-1003246
-18064 (base 13) to base 9
-70354
What is -302104 (base 6) in base 12?
-11934
What is 1011011110010011 (base 2) in base 8?
133623
What is -c646b (base 13) in base 3?
-200010021100
Convert 2013464 (base 7) to base 11.
1535a6
What is -21121102330 (base 4) in base 2?
-1001011001010010111100
Convert 2211221210111 (base 3) to base 7.
15606034
34303031 (base 6) to base 2
100000000011100111011
-1055376 (base 8) to base 2
-1000101101011111110
What is -200066666 (base 7) in base 15?
-1031258
What is -1020020011221 (base 3) in base 13?
-19b913
What is aa6b3 (base 16) in base 5?
134314120
Convert -461b84 (base 14) to base 2.
-1001000110101101111000
What is 96624 (base 11) in base 12?
6938b
-345131004 (base 6) to base 5
-3114410011
What is 775884 (base 10) in base 13?
212205
Convert -2550540 (base 7) to base 9.
-554786
-16262216 (base 7) to base 5
-401001004
-386452 (base 10) to base 7
-3166453
What is -20100102000 (base 3) in ba